*y = 87*c + 8584, -2*c + 4316 = -4*y. What is the greatest common divisor of c and 86?
86
Suppose 87*a = 71*a + 336. Calculate the greatest common factor of a and 15.
3
Let l be 2/2 - 7*-2. Let i be -2*(-1 - 0 - (-15)/(-10)). Suppose -2*t + 3*t - 135 = -3*j, -3*j - i*t + 135 = 0. What is the highest common factor of l and j?
15
Let u(w) = 2*w**2 + 4*w - 5. Let b be u(-4). Let x = b + 2. What is the highest common divisor of x and 26?
13
Let r = 20 - 15. Suppose -t = -r*t + 236. Suppose t = 2*b - 5. What is the highest common factor of 4 and b?
4
Suppose 3*m - 3*c - 57 = m, -5 = -5*c. Let y(t) = t**2 + 18*t - 51. Let p be y(3). What is the greatest common factor of p and m?
6
Let v(n) = 2*n**2 - 42*n + 48. Let l be v(24). What is the greatest common divisor of l and 64?
64
Let b(z) = -1360*z + 10. Let h be b(-5). Suppose -598 - h = 8*n. Let w be n/(-11) - 8/44. Calculate the greatest common divisor of 28 and w.
28
Let j(l) = -l**3 - 30*l**2 + 30*l + 3. Let y be j(-31). What is the greatest common factor of 153 and y?
17
Let f = 1245 + -1197. Calculate the highest common factor of 84 and f.
12
Let x(p) = 52*p + 17. Let h be x(1). Calculate the highest common divisor of 184 and h.
23
Let i(r) = r**2 + 7*r - 7. Let o be i(-8). Let j = o + 1. Suppose 3*w + 161 = 3*b - w, j*b - w - 109 = 0. Calculate the highest common factor of b and 11.
11
Let z(r) = r**3 - 12*r**2 + 12*r - 8. Let l be z(11). Suppose 0 = l*p + 50 + 289. Let h = 201 + p. What is the greatest common factor of h and 11?
11
Let q be (-363)/44*8/(-3). Let z = -20 + q. Suppose -58 = -z*i - 2. What is the greatest common divisor of 7 and i?
7
Let i(p) = p**3 + 21*p**2 - 2*p - 22. Let t be i(-21). Calculate the highest common factor of t and 20.
20
Let n be -2*13*(-33)/2. Calculate the highest common factor of n and 33.
33
Let s(g) = -5*g - 48. Let j be -16 - ((-25)/1)/5. Let w be s(j). What is the greatest common factor of w and 28?
7
Let t(o) = -2*o**3 - o**2 - 4. Let l be t(-2). Suppose 0 = -2*f + 4*s - 0 + l, 2*f - s - 5 = 0. Calculate the greatest common factor of f and 3.
1
Let s(x) = x**3 - 10*x**2 - x + 18. Let d be s(10). Let o be (-26)/(-10) + 2/5. Suppose -4*r = -o*r - 88. What is the highest common divisor of r and d?
8
Let m be 35/(105/36) - -15. What is the greatest common factor of m and 657?
9
Let c be 232/(-72) + 3 - 290/(-9). What is the greatest common divisor of 12 and c?
4
Let o = 7 - -119. Let z be (-3591)/o*4*2/(-6). What is the greatest common divisor of z and 76?
38
Suppose 2*k - k = 4*y - 50, -k - y - 75 = 0. Let d be ((-26)/(-65))/((-1)/k). Calculate the highest common divisor of 28 and d.
28
Let l be 48/10*175/20. Calculate the highest common factor of l and 154.
14
Suppose r + 52 - 88 = 0. Let n(a) = 6*a - 12. Let l be n(8). What is the greatest common divisor of l and r?
36
Let n = 1562 + -642. What is the greatest common divisor of 40 and n?
40
Let w be (4/3)/(4/30). Let m(z) = -24*z + 4. Let l(s) = -47*s + 7. Let d(t) = 6*l(t) - 11*m(t). Let y be d(-4). What is the highest common divisor of w and y?
10
Suppose -75*w + 2777 = -5098. Calculate the highest common factor of w and 273.
21
Let f(t) = t**3 - 4*t**2 + 3*t + 4. Let b be f(4). Suppose 0 = -0*g + g - b. Let j be (-3)/4 - (-748)/g. What is the greatest common factor of 23 and j?
23
Let z be ((-18)/27)/(4/(-18)) + 57. Suppose -3*n = 3*h - 6, n - 3*h + 6 = 5*n. Let s be 0/(2 + n) + 24. What is the highest common divisor of s and z?
12
Let n be 71 + -1 + -4 + 3. Suppose -n = 17*f - 20*f. Calculate the greatest common factor of f and 184.
23
Suppose 57*x + 520 = 83*x. Calculate the greatest common divisor of x and 20.
20
Let a(r) be the first derivative of -4*r**3 - 1/4*r**4 + 6*r**2 + 15*r - 3. Let m be a(-13). What is the highest common divisor of m and 7?
7
Let w(l) = 30 - 8*l**2 - 33 + 5*l + 6*l**2 - l**3. Let z be w(-4). Calculate the highest common factor of z and 27.
9
Let i = 229 - 163. Suppose 0 = -66*z + 445 - 49. What is the greatest common divisor of z and i?
6
Suppose -4*d = -d - 108. Suppose 2*v - d = 630. Suppose 191 = 5*g + u, 5*g + 1072*u = 1073*u + 179. What is the greatest common divisor of g and v?
37
Let j = 429 + -223. Let q = j - 183. Let r be (3 - 0)/((-1)/(-23)). Calculate the greatest common divisor of r and q.
23
Suppose -4*p + 185 = 41. Calculate the highest common factor of p and 48.
12
Suppose -3*u - 2*u = 115. Let p = u - -33. Let f = -12 + 22. What is the greatest common factor of f and p?
10
Suppose 11183 = 49*j + 1187. Calculate the highest common factor of 153 and j.
51
Let q(p) = 43*p**2 + p. Let o(b) = -b**2 + 12*b - 1. Let w be o(12). Let m be q(w). What is the greatest common factor of m and 6?
6
Suppose -125 = -3*m + 28. Suppose 36*a + m = 37*a. What is the highest common factor of a and 68?
17
Let f be 20/(-30) + (-5)/(30/(-112)). Let b = 15 + -6. What is the greatest common divisor of b and f?
9
Suppose 5*d - 5 = -4*p, 4 = -p - 2*p + 4*d. Suppose -5*h + 3*o + 6 = p, 4*h - 4*o - 9 = -3*o. Calculate the highest common factor of h and 1.
1
Suppose 23 + 67 = -2*j. Let w be (j/12)/((-15)/100). What is the greatest common divisor of w and 75?
25
Let r(j) = 35*j + 2. Let t be r(-2). Let o = -38 - t. Suppose 0 = 5*l + 4 + 16, -4*h - 3*l = -8. Calculate the highest common factor of o and h.
5
Suppose -4*p - 3*u = -3, -7*u = -2*u - 25. Let o(f) = f**2 - 3*f - 1. Let v be o(p). Let d = 31 - v. What is the highest common factor of 112 and d?
14
Suppose 4*d = l + 91, -8 = 5*l + 7. What is the greatest common factor of d and 209?
11
Suppose 3*s = -345 + 1041. Let y = 375 - s. Suppose 2*q = q - 5*r + y, 3*q - 467 = 4*r. What is the greatest common divisor of 17 and q?
17
Suppose 3*i - 163 = -2*m - 3*m, 0 = 2*i + 4*m - 110. What is the greatest common factor of i and 2091?
51
Let b be (24 + -38)*1*2/(-2). Calculate the highest common divisor of b and 28.
14
Let b = 0 + -32. Let j = b + 35. What is the highest common factor of 15 and j?
3
Suppose 756 = 12*k - 972. What is the greatest common factor of 192 and k?
48
Let y be (-2 + 51/9)/((-16)/(-96)). What is the highest common factor of y and 22?
22
Suppose -1527*t = -1543*t + 15984. Calculate the highest common divisor of t and 74.
37
Suppose 2*s = 3*s - 2*z - 4, 0 = 3*z + 3. Suppose 2*p + 36 = s*b + 2*b, 10 = b - p. Let w = 19 - b. What is the greatest common divisor of 44 and w?
11
Suppose 36 - 12 = 3*h. What is the highest common factor of 72 and h?
8
Let g(u) = 10*u - 458. Let f be g(51). What is the greatest common factor of f and 8?
4
Suppose c - 3*c + 62 = 0. Suppose -3*l - 5*t = -25, c = 3*l - 0*l - t. What is the greatest common divisor of l and 80?
10
Let t = 1687 + -787. Suppose 21*k - t = 9*k. What is the greatest common divisor of 30 and k?
15
Let u(h) = h**3 - 5*h**2 - 15*h + 17. Let n be u(7). Suppose n*d = 36 + 14. Calculate the greatest common divisor of 65 and d.
5
Let x(c) = -c**2. Let i(n) = n**3 + 5*n**2 - n - 1. Let b = -1 + 2. Let v(y) = b*i(y) + 5*x(y). Let j be v(2). What is the highest common factor of 5 and j?
5
Let o = -316 + 756. Suppose p + 4*p - o = 0. What is the highest common factor of 22 and p?
22
Let o(m) = m + 58. Let f be o(-38). Calculate the highest common divisor of f and 164.
4
Let x(f) = -f**2 - 26*f - 94. Let u be x(-16). What is the greatest common divisor of 6 and u?
6
Let y be 16/(-12)*(-6)/4. Suppose -x + 0*x + y = 0. Let f = -2 - -8. What is the highest common factor of f and x?
2
Let h(t) = t**2 - 10*t - 81. Let a be h(-12). What is the greatest common divisor of a and 61?
61
Suppose 0 = -2*t - 3*a + 879, t - 440 = -0*a - a. What is the highest common divisor of t and 9?
9
Suppose 33 = 5*p - 67. Suppose 8*b - 7*b = p. Let u = -13 - -21. Calculate the greatest common divisor of b and u.
4
Let h(n) = -8*n - 7. Let t be h(-6). Suppose 4*g + t = 157. What is the greatest common factor of g and 145?
29
Let z be 54/(-9) + 39/3. What is the greatest common factor of 112 and z?
7
Let b be 8*7 + 3 + 1. Let u = 79 - 55. What is the highest common divisor of u and b?
12
Suppose 9 = 2*r + r. Let p(f) = f**2 - 3*f + 2. Let q be p(4). Calculate the greatest common divisor of q and r.
3
Let y = -9 - -9. Suppose y = -3*o - o + 132. Suppose 2*j = -j + o. What is the highest common factor of 33